{"id":3302,"date":"2023-10-04T09:10:12","date_gmt":"2023-10-04T09:10:12","guid":{"rendered":"https:\/\/www.nrscomunicacion.com\/?page_id=3302"},"modified":"2023-10-04T12:33:17","modified_gmt":"2023-10-04T12:33:17","slug":"equipo","status":"publish","type":"page","link":"https:\/\/www.nrscomunicacion.com\/index.php\/equipo\/","title":{"rendered":"Equipo"},"content":{"rendered":"\t\t<div data-elementor-type=\"wp-page\" data-elementor-id=\"3302\" class=\"elementor elementor-3302\">\n\t\t\t\t\t\t<section class=\"elementor-section elementor-top-section elementor-element elementor-element-7d82d57 elementor-section-boxed elementor-section-height-default elementor-section-height-default\" data-id=\"7d82d57\" data-element_type=\"section\" data-e-type=\"section\" data-settings=\"{&quot;background_background&quot;:&quot;classic&quot;}\">\n\t\t\t\t\t\t<div class=\"elementor-container elementor-column-gap-default\">\n\t\t\t\t\t<div class=\"elementor-column elementor-col-100 elementor-top-column elementor-element elementor-element-d2e50f9\" data-id=\"d2e50f9\" data-element_type=\"column\" data-e-type=\"column\">\n\t\t\t<div class=\"elementor-widget-wrap elementor-element-populated\">\n\t\t\t\t\t\t<section class=\"elementor-section elementor-inner-section elementor-element elementor-element-b431ec elementor-section-boxed elementor-section-height-default elementor-section-height-default\" data-id=\"b431ec\" data-element_type=\"section\" data-e-type=\"section\">\n\t\t\t\t\t\t<div class=\"elementor-container elementor-column-gap-default\">\n\t\t\t\t\t<div class=\"elementor-column elementor-col-100 elementor-inner-column elementor-element elementor-element-40cba3b9\" data-id=\"40cba3b9\" data-element_type=\"column\" data-e-type=\"column\">\n\t\t\t<div class=\"elementor-widget-wrap elementor-element-populated\">\n\t\t\t\t\t\t<div class=\"elementor-element elementor-element-25905e5f elementor-widget elementor-widget-heading\" data-id=\"25905e5f\" data-element_type=\"widget\" data-e-type=\"widget\" data-widget_type=\"heading.default\">\n\t\t\t\t<div class=\"elementor-widget-container\">\n\t\t\t\t\t<h2 class=\"elementor-heading-title elementor-size-default\">Nuestro equipo<\/h2>\t\t\t\t<\/div>\n\t\t\t\t<\/div>\n\t\t\t\t<div class=\"elementor-element elementor-element-10c558c5 elementor-widget__width-initial elementor-widget elementor-widget-text-editor\" data-id=\"10c558c5\" data-element_type=\"widget\" data-e-type=\"widget\" data-widget_type=\"text-editor.default\">\n\t\t\t\t<div class=\"elementor-widget-container\">\n\t\t\t\t\t\t\t\t\t<p><strong>NRS Comunicaci\u00f3n<\/strong> nace de la b\u00fasqueda de identidad propia y \u00fanica para desarrollar soluciones en dise\u00f1o y desarrollo web a medida<\/p>\t\t\t\t\t\t\t\t<\/div>\n\t\t\t\t<\/div>\n\t\t\t\t\t<\/div>\n\t\t<\/div>\n\t\t\t\t\t<\/div>\n\t\t<\/section>\n\t\t\t\t<section class=\"elementor-section elementor-inner-section elementor-element elementor-element-7626f7e elementor-section-boxed elementor-section-height-default elementor-section-height-default\" data-id=\"7626f7e\" data-element_type=\"section\" data-e-type=\"section\">\n\t\t\t\t\t\t<div class=\"elementor-container elementor-column-gap-default\">\n\t\t\t\t\t<div class=\"elementor-column elementor-col-33 elementor-inner-column elementor-element elementor-element-50f4b2f\" data-id=\"50f4b2f\" data-element_type=\"column\" data-e-type=\"column\">\n\t\t\t<div class=\"elementor-widget-wrap elementor-element-populated\">\n\t\t\t\t\t\t<div class=\"elementor-element elementor-element-39c5fc3 elementor-widget elementor-widget-image\" data-id=\"39c5fc3\" data-element_type=\"widget\" data-e-type=\"widget\" data-widget_type=\"image.default\">\n\t\t\t\t<div class=\"elementor-widget-container\">\n\t\t\t\t\t\t\t\t\t\t\t\t\t\t\t<img decoding=\"async\" src=\"https:\/\/www.nrscomunicacion.com\/wp-content\/uploads\/elementor\/thumbs\/Emoji-Juanma-qdd2g25phrdtsnw9z9a31qe5wh2s8rijmtrral0vy0.png\" title=\"Emoji Juanma\" alt=\"Emoji Juanma\" class=\"elementor-animation-float\" loading=\"lazy\" \/>\t\t\t\t\t\t\t\t\t\t\t\t\t\t\t<\/div>\n\t\t\t\t<\/div>\n\t\t\t\t<div class=\"elementor-element elementor-element-ef6aab0 elementor-invisible elementor-widget elementor-widget-heading\" data-id=\"ef6aab0\" data-element_type=\"widget\" data-e-type=\"widget\" data-settings=\"{&quot;_animation&quot;:&quot;fadeIn&quot;}\" data-widget_type=\"heading.default\">\n\t\t\t\t<div class=\"elementor-widget-container\">\n\t\t\t\t\t<h4 class=\"elementor-heading-title elementor-size-large\">Juanma Herr\u00e1n<\/h4>\t\t\t\t<\/div>\n\t\t\t\t<\/div>\n\t\t\t\t<div class=\"elementor-element elementor-element-1640c58 elementor-invisible elementor-widget elementor-widget-text-editor\" data-id=\"1640c58\" data-element_type=\"widget\" data-e-type=\"widget\" data-settings=\"{&quot;_animation&quot;:&quot;fadeIn&quot;}\" data-widget_type=\"text-editor.default\">\n\t\t\t\t<div class=\"elementor-widget-container\">\n\t\t\t\t\t\t\t\t\t<p>Graphic Designer &amp; social media manager<\/p>\t\t\t\t\t\t\t\t<\/div>\n\t\t\t\t<\/div>\n\t\t\t\t\t<\/div>\n\t\t<\/div>\n\t\t\t\t<div class=\"elementor-column elementor-col-33 elementor-inner-column elementor-element elementor-element-5285142\" data-id=\"5285142\" data-element_type=\"column\" data-e-type=\"column\">\n\t\t\t<div class=\"elementor-widget-wrap elementor-element-populated\">\n\t\t\t\t\t\t<div class=\"elementor-element elementor-element-9aef3d3 elementor-widget elementor-widget-image\" data-id=\"9aef3d3\" data-element_type=\"widget\" data-e-type=\"widget\" data-widget_type=\"image.default\">\n\t\t\t\t<div class=\"elementor-widget-container\">\n\t\t\t\t\t\t\t\t\t\t\t\t\t\t\t<img decoding=\"async\" src=\"https:\/\/www.nrscomunicacion.com\/wp-content\/uploads\/elementor\/thumbs\/Emoji-juande-qdd2fzc6x99ytu0dfq27c93s4bgolo7cmftaur52go.png\" title=\"Emoji juande\" alt=\"Emoji juande\" class=\"elementor-animation-float\" loading=\"lazy\" \/>\t\t\t\t\t\t\t\t\t\t\t\t\t\t\t<\/div>\n\t\t\t\t<\/div>\n\t\t\t\t<div class=\"elementor-element elementor-element-a9d332c elementor-invisible elementor-widget elementor-widget-heading\" data-id=\"a9d332c\" data-element_type=\"widget\" data-e-type=\"widget\" data-settings=\"{&quot;_animation&quot;:&quot;fadeIn&quot;}\" data-widget_type=\"heading.default\">\n\t\t\t\t<div class=\"elementor-widget-container\">\n\t\t\t\t\t<h4 class=\"elementor-heading-title elementor-size-large\">Juande Per\u00e9z<\/h4>\t\t\t\t<\/div>\n\t\t\t\t<\/div>\n\t\t\t\t<div class=\"elementor-element elementor-element-98228a4 elementor-invisible elementor-widget elementor-widget-text-editor\" data-id=\"98228a4\" data-element_type=\"widget\" data-e-type=\"widget\" data-settings=\"{&quot;_animation&quot;:&quot;fadeIn&quot;}\" data-widget_type=\"text-editor.default\">\n\t\t\t\t<div class=\"elementor-widget-container\">\n\t\t\t\t\t\t\t\t\t<div class=\"fusion-layout-column fusion_builder_column fusion-builder-column-11 fusion_builder_column_1_4 1_4 fusion-flex-column\"><div class=\"fusion-column-wrapper fusion-flex-justify-content-flex-start fusion-content-layout-block\"><div class=\"fusion-text fusion-text-8 p-t3 \"><p>WordPress Expert &amp; Graphic Designer<\/p><\/div><\/div><\/div>\t\t\t\t\t\t\t\t<\/div>\n\t\t\t\t<\/div>\n\t\t\t\t\t<\/div>\n\t\t<\/div>\n\t\t\t\t<div class=\"elementor-column elementor-col-33 elementor-inner-column elementor-element elementor-element-6b68797\" data-id=\"6b68797\" data-element_type=\"column\" data-e-type=\"column\">\n\t\t\t<div class=\"elementor-widget-wrap elementor-element-populated\">\n\t\t\t\t\t\t<div class=\"elementor-element elementor-element-b22ebb4 elementor-widget elementor-widget-image\" data-id=\"b22ebb4\" data-element_type=\"widget\" data-e-type=\"widget\" data-widget_type=\"image.default\">\n\t\t\t\t<div class=\"elementor-widget-container\">\n\t\t\t\t\t\t\t\t\t\t\t\t\t\t\t<img decoding=\"async\" src=\"https:\/\/www.nrscomunicacion.com\/wp-content\/uploads\/elementor\/thumbs\/Emoji-duarte-qdd2fvku5x4tje5u1ofp2a1xqrz7qvsf9x7cxnan5k.png\" title=\"Emoji duarte\" alt=\"Emoji duarte\" class=\"elementor-animation-float\" loading=\"lazy\" \/>\t\t\t\t\t\t\t\t\t\t\t\t\t\t\t<\/div>\n\t\t\t\t<\/div>\n\t\t\t\t<div class=\"elementor-element elementor-element-a7995ef elementor-invisible elementor-widget elementor-widget-heading\" data-id=\"a7995ef\" data-element_type=\"widget\" data-e-type=\"widget\" data-settings=\"{&quot;_animation&quot;:&quot;fadeIn&quot;}\" data-widget_type=\"heading.default\">\n\t\t\t\t<div class=\"elementor-widget-container\">\n\t\t\t\t\t<h4 class=\"elementor-heading-title elementor-size-large\">Duarte Monteiro<\/h4>\t\t\t\t<\/div>\n\t\t\t\t<\/div>\n\t\t\t\t<div class=\"elementor-element elementor-element-4ee7bc1 elementor-invisible elementor-widget elementor-widget-text-editor\" data-id=\"4ee7bc1\" data-element_type=\"widget\" data-e-type=\"widget\" data-settings=\"{&quot;_animation&quot;:&quot;fadeIn&quot;}\" data-widget_type=\"text-editor.default\">\n\t\t\t\t<div class=\"elementor-widget-container\">\n\t\t\t\t\t\t\t\t\t<p>photographer\/videographer<br \/>&amp; Graphic Designer<\/p>\t\t\t\t\t\t\t\t<\/div>\n\t\t\t\t<\/div>\n\t\t\t\t\t<\/div>\n\t\t<\/div>\n\t\t\t\t\t<\/div>\n\t\t<\/section>\n\t\t\t\t\t<\/div>\n\t\t<\/div>\n\t\t\t\t\t<\/div>\n\t\t<\/section>\n\t\t<div class=\"elementor-element elementor-element-5b9006d e-flex e-con-boxed elementor-invisible e-con e-parent\" data-id=\"5b9006d\" data-element_type=\"container\" data-e-type=\"container\" data-settings=\"{&quot;animation&quot;:&quot;fadeIn&quot;}\">\n\t\t\t\t\t<div class=\"e-con-inner\">\n\t\t\t\t<div class=\"elementor-element elementor-element-070f4c1 elementor-widget elementor-widget-text-editor\" data-id=\"070f4c1\" data-element_type=\"widget\" data-e-type=\"widget\" data-widget_type=\"text-editor.default\">\n\t\t\t\t<div class=\"elementor-widget-container\">\n\t\t\t\t\t\t\t\t\t<p>Durante una d\u00e9cada, hemos acumulado una valiosa experiencia y un s\u00f3lido legado como marca. Hoy, estamos emocionados de anunciar nuestra transformaci\u00f3n en una entidad m\u00e1s internacional: somos ahora NRS Comunicaci\u00f3n. Esta evoluci\u00f3n representa nuestro compromiso de llevar nuestra creatividad y experiencia a un p\u00fablico global, ofreciendo soluciones de dise\u00f1o de clase mundial en una variedad de disciplinas.<\/p><p>Estamos ansiosos por continuar nuestra traves\u00eda, explorar nuevas fronteras y colaborar con clientes de todo el mundo. En NRS Comunicaci\u00f3n, nuestro enfoque sigue siendo la excelencia creativa y el compromiso con la calidad, y esperamos con entusiasmo lo que el futuro nos depara en esta emocionante nueva etapa.<\/p>\t\t\t\t\t\t\t\t<\/div>\n\t\t\t\t<\/div>\n\t\t\t\t\t<\/div>\n\t\t\t\t<\/div>\n\t\t<div class=\"elementor-element elementor-element-efd5235 e-flex e-con-boxed elementor-invisible e-con e-parent\" data-id=\"efd5235\" data-element_type=\"container\" data-e-type=\"container\" data-settings=\"{&quot;animation&quot;:&quot;fadeIn&quot;}\">\n\t\t\t\t\t<div class=\"e-con-inner\">\n\t\t\t\t<div class=\"elementor-element elementor-element-3fe1c22 elementor-widget elementor-widget-text-editor\" data-id=\"3fe1c22\" data-element_type=\"widget\" data-e-type=\"widget\" data-widget_type=\"text-editor.default\">\n\t\t\t\t<div class=\"elementor-widget-container\">\n\t\t\t\t\t\t\t\t\t<p>Actualmente, contamos con una amplia cartera de clientes que se extiende por toda Europa, incluyendo Espa\u00f1a, Francia, Inglaterra y B\u00e9lgica. La raz\u00f3n detr\u00e1s de nuestro crecimiento y \u00e9xito radica en la confianza que nuestros clientes han depositado en nosotros a lo largo de los a\u00f1os. Creemos firmemente que el cliente es el mejor juez de nuestro trabajo, y sus recomendaciones nos han impulsado a seguir perfeccionando nuestras habilidades y servicios.<\/p><p>Entendemos que el dise\u00f1o y la creatividad son procesos que requieren tiempo, dedicaci\u00f3n y un alto nivel de calidad. Nuestras tarifas de dise\u00f1o est\u00e1n dise\u00f1adas para ser accesibles y competitivas, sin comprometer la calidad. Esto nos convierte en la elecci\u00f3n perfecta para empresas que valoran el trabajo de calidad y tienen la solidez financiera para satisfacer sus necesidades digitales y de dise\u00f1o gr\u00e1fico.<\/p><p>Adem\u00e1s, comprendemos que cada cliente es \u00fanico, y algunas empresas pueden enfrentar circunstancias especiales. En estos casos, estamos dispuestos a adaptar nuestras tarifas de manera puntual para satisfacer sus necesidades espec\u00edficas. Nuestra prioridad es estudiar cada caso individualmente y proponer la soluci\u00f3n m\u00e1s adecuada para tu proyecto digital y de marca.<\/p><p>En NRS Comunicaci\u00f3n, creemos en el trato personalizado y cercano. Somos un equipo peque\u00f1o, pero altamente comprometido que valora la accesibilidad y la atenci\u00f3n individualizada. Tu \u00e9xito es nuestro \u00e9xito, y estamos aqu\u00ed para ayudarte a alcanzar tus objetivos digitales y de dise\u00f1o de manera eficaz y personalizada.<\/p>\t\t\t\t\t\t\t\t<\/div>\n\t\t\t\t<\/div>\n\t\t\t\t\t<\/div>\n\t\t\t\t<\/div>\n\t\t<div class=\"elementor-element elementor-element-55c56ae e-flex e-con-boxed elementor-invisible e-con e-parent\" data-id=\"55c56ae\" data-element_type=\"container\" data-e-type=\"container\" data-settings=\"{&quot;animation&quot;:&quot;fadeInRight&quot;}\">\n\t\t\t\t\t<div class=\"e-con-inner\">\n\t\t\t\t<div class=\"elementor-element elementor-element-0d4d83b elementor-widget elementor-widget-heading\" data-id=\"0d4d83b\" data-element_type=\"widget\" data-e-type=\"widget\" data-widget_type=\"heading.default\">\n\t\t\t\t<div class=\"elementor-widget-container\">\n\t\t\t\t\t<h2 class=\"elementor-heading-title elementor-size-default\">Especialista en la construcci\u00f3n de identidades corporativas s\u00f3lidas, la creaci\u00f3n de logotipos memorables, el desarrollo de estrategias de branding efectivas y la ejecuci\u00f3n de proyectos digitales completamente personalizados.<\/h2>\t\t\t\t<\/div>\n\t\t\t\t<\/div>\n\t\t\t\t\t<\/div>\n\t\t\t\t<\/div>\n\t\t<div class=\"elementor-element elementor-element-ba4a29b e-flex e-con-boxed elementor-invisible e-con e-parent\" data-id=\"ba4a29b\" data-element_type=\"container\" data-e-type=\"container\" data-settings=\"{&quot;background_background&quot;:&quot;classic&quot;,&quot;animation&quot;:&quot;fadeInRight&quot;}\">\n\t\t\t\t\t<div class=\"e-con-inner\">\n\t\t\t\t<div class=\"elementor-element elementor-element-e1daeb9 elementor-widget elementor-widget-button\" data-id=\"e1daeb9\" data-element_type=\"widget\" data-e-type=\"widget\" data-widget_type=\"button.default\">\n\t\t\t\t<div class=\"elementor-widget-container\">\n\t\t\t\t\t\t\t\t\t<div class=\"elementor-button-wrapper\">\n\t\t\t\t\t<a class=\"elementor-button elementor-button-link elementor-size-sm\" href=\"https:\/\/www.nrscomunicacion.com\/index.php\/portfolio\/\">\n\t\t\t\t\t\t<span class=\"elementor-button-content-wrapper\">\n\t\t\t\t\t\t\t\t\t<span class=\"elementor-button-text\">VER PORTFOLIO<\/span>\n\t\t\t\t\t<\/span>\n\t\t\t\t\t<\/a>\n\t\t\t\t<\/div>\n\t\t\t\t\t\t\t\t<\/div>\n\t\t\t\t<\/div>\n\t\t\t\t\t<\/div>\n\t\t\t\t<\/div>\n\t\t\t\t<\/div>\n\t\t","protected":false},"excerpt":{"rendered":"<p>Nuestro equipo NRS Comunicaci\u00f3n nace de la b\u00fasqueda de identidad propia y \u00fanica para desarrollar soluciones en dise\u00f1o y desarrollo web a medida Juanma Herr\u00e1n Graphic Designer &amp; social media manager Juande Per\u00e9z WordPress Expert &amp; Graphic Designer Duarte Monteiro photographer\/videographer&amp; Graphic Designer Durante una d\u00e9cada, hemos acumulado una valiosa experiencia y un s\u00f3lido legado [&hellip;]<\/p>\n","protected":false},"author":1,"featured_media":0,"parent":0,"menu_order":0,"comment_status":"closed","ping_status":"closed","template":"","meta":{"site-sidebar-layout":"no-sidebar","site-content-layout":"page-builder","ast-site-content-layout":"full-width-container","site-content-style":"default","site-sidebar-style":"default","ast-global-header-display":"","ast-banner-title-visibility":"","ast-main-header-display":"","ast-hfb-above-header-display":"","ast-hfb-below-header-display":"","ast-hfb-mobile-header-display":"","site-post-title":"disabled","ast-breadcrumbs-content":"","ast-featured-img":"disabled","footer-sml-layout":"","ast-disable-related-posts":"","theme-transparent-header-meta":"","adv-header-id-meta":"","stick-header-meta":"","header-above-stick-meta":"","header-main-stick-meta":"","header-below-stick-meta":"","astra-migrate-meta-layouts":"set","ast-page-background-enabled":"default","ast-page-background-meta":{"desktop":{"background-color":"var(--ast-global-color-4)","background-image":"","background-repeat":"repeat","background-position":"center center","background-size":"auto","background-attachment":"scroll","background-type":"","background-media":"","overlay-type":"","overlay-color":"","overlay-opacity":"","overlay-gradient":""},"tablet":{"background-color":"","background-image":"","background-repeat":"repeat","background-position":"center center","background-size":"auto","background-attachment":"scroll","background-type":"","background-media":"","overlay-type":"","overlay-color":"","overlay-opacity":"","overlay-gradient":""},"mobile":{"background-color":"","background-image":"","background-repeat":"repeat","background-position":"center center","background-size":"auto","background-attachment":"scroll","background-type":"","background-media":"","overlay-type":"","overlay-color":"","overlay-opacity":"","overlay-gradient":""}},"ast-content-background-meta":{"desktop":{"background-color":"var(--ast-global-color-5)","background-image":"","background-repeat":"repeat","background-position":"center center","background-size":"auto","background-attachment":"scroll","background-type":"","background-media":"","overlay-type":"","overlay-color":"","overlay-opacity":"","overlay-gradient":""},"tablet":{"background-color":"var(--ast-global-color-5)","background-image":"","background-repeat":"repeat","background-position":"center center","background-size":"auto","background-attachment":"scroll","background-type":"","background-media":"","overlay-type":"","overlay-color":"","overlay-opacity":"","overlay-gradient":""},"mobile":{"background-color":"var(--ast-global-color-5)","background-image":"","background-repeat":"repeat","background-position":"center center","background-size":"auto","background-attachment":"scroll","background-type":"","background-media":"","overlay-type":"","overlay-color":"","overlay-opacity":"","overlay-gradient":""}},"footnotes":""},"class_list":["post-3302","page","type-page","status-publish","hentry"],"_links":{"self":[{"href":"https:\/\/www.nrscomunicacion.com\/index.php\/wp-json\/wp\/v2\/pages\/3302","targetHints":{"allow":["GET"]}}],"collection":[{"href":"https:\/\/www.nrscomunicacion.com\/index.php\/wp-json\/wp\/v2\/pages"}],"about":[{"href":"https:\/\/www.nrscomunicacion.com\/index.php\/wp-json\/wp\/v2\/types\/page"}],"author":[{"embeddable":true,"href":"https:\/\/www.nrscomunicacion.com\/index.php\/wp-json\/wp\/v2\/users\/1"}],"replies":[{"embeddable":true,"href":"https:\/\/www.nrscomunicacion.com\/index.php\/wp-json\/wp\/v2\/comments?post=3302"}],"version-history":[{"count":37,"href":"https:\/\/www.nrscomunicacion.com\/index.php\/wp-json\/wp\/v2\/pages\/3302\/revisions"}],"predecessor-version":[{"id":3373,"href":"https:\/\/www.nrscomunicacion.com\/index.php\/wp-json\/wp\/v2\/pages\/3302\/revisions\/3373"}],"wp:attachment":[{"href":"https:\/\/www.nrscomunicacion.com\/index.php\/wp-json\/wp\/v2\/media?parent=3302"}],"curies":[{"name":"wp","href":"https:\/\/api.w.org\/{rel}","templated":true}]}}